.
676c
f3b (base 16) to base 15
124e
Convert 15136 (base 7) to base 13.
1ba6
221002002 (base 3) to base 9
27062
-1010021220 (base 3) to base 9
-33256
Convert -1000011 (base 3) to base 8.
-1335
What is 2631 (base 9) in base 3?
2201001
Convert -2b694 (base 13) to base 14.
-22076
What is 3248 (base 9) in base 12?
1475
What is -11e (base 15) in base 8?
-376
Convert 132 (base 15) to base 6.
1132
1631 (base 7) to base 16
293
What is -1704b (base 13) in base 5?
-2402003
What is 120335 (base 8) in base 14?
11017
Convert -101010011 (base 2) to base 14.
-1a3
What is -1012110 (base 3) in base 16?
-36c
11 (base 15) to base 16
10
What is 1345 (base 11) in base 2?
11011001111
Convert 5447 (base 14) to base 7.
60320
What is -34274 (base 10) in base 8?
-102742
What is -5752 (base 8) in base 3?
-11011222
Convert -6c26 (base 14) to base 16.
-49a2
What is 30d5 (base 15) in base 10?
10325
What is -744 (base 16) in base 12?
-10b0
Convert 310 (base 14) to base 11.
4a8
Convert -146 (base 12) to base 4.
-3012
What is 23331 (base 6) in base 8?
6447
-2b3 (base 15) to base 11
-512
Convert 436 (base 15) to base 4.
32313
Convert -124440 (base 6) to base 9.
-16566
411200 (base 5) to base 9
20217
-690a (base 15) to base 6
-251101
133511 (base 6) to base 4
3003103
111112202 (base 3) to base 5
304000
11002121101 (base 3) to base 14
21556
Convert 71ac (base 14) to base 4.
10301210
39f2 (base 16) to base 11
10166
What is 45403 (base 6) in base 5?
201121
Convert -183 (base 11) to base 16.
-d4
What is 65635 (base 7) in base 4?
10000321
What is -17887 (base 12) in base 2?
-1000010100100111
Convert 395 (base 12) to base 9.
665
What is -3064 (base 8) in base 15?
-70d
Convert 3033 (base 6) to base 3.
220210
Convert -1330 (base 8) to base 5.
-10403
21021033 (base 4) to base 13
14082
What is -424 (base 16) in base 13?
-637
What is 13025 (base 8) in base 7?
22324
Convert 401452 (base 6) to base 16.
7b08
-3862 (base 9) to base 2
-101101001011
What is dd5 (base 14) in base 3?
10202022
What is -371 (base 11) in base 14?
-237
Convert -100011110010101 (base 2) to base 11.
-1284a
Convert 303 (base 12) to base 9.
533
1102132 (base 4) to base 12
307a
What is 220212 (base 4) in base 15?
b83
3033022 (base 4) to base 7
53440
eb3 (base 15) to base 5
101233
Convert -3968 (base 12) to base 14.
-2568
-8773 (base 9) to base 2
-1100101000001
-23470 (base 9) to base 2
-11110101010000
-13221 (base 4) to base 12
-349
Convert 112550 (base 7) to base 4.
10323032
Convert -d8 (base 15) to base 3.
-21112
-114420 (base 7) to base 9
-31460
What is 220 (base 11) in base 15?
129
What is 62043 (base 8) in base 4?
12100203
What is 53 (base 7) in base 6?
102
What is 450 (base 15) in base 16?
3cf
Convert -10011011111001001 (base 2) to base 14.
-21133
What is 110001001110010 (base 2) in base 16?
6272
Convert -7277 (base 11) to base 5.
-302033
Convert 106 (base 13) to base 7.
340
-3370 (base 10) to base 8
-6452
Convert -1a (base 15) to base 12.
-21
What is 174 (base 10) in base 14?
c6
What is 410 (base 8) in base 5?
2024
Convert -125103 (base 6) to base 5.
-331422
-3033213 (base 4) to base 8
-31747
Convert 241 (base 8) to base 4.
2201
Convert 201202 (base 3) to base 6.
2245
What is 1001002 (base 3) in base 10?
758
-3121 (base 4) to base 16
-d9
What is 5a56 (base 14) in base 10?
15756
-31040 (base 5) to base 11
-1577
-ba4b (base 16) to base 8
-135113
-20355 (base 6) to base 9
-3668
1b95 (base 14) to base 5
130111
-4736 (base 8) to base 15
-b36
-1231 (base 7) to base 11
-391
What is 413341 (base 6) in base 12?
17251
10032132 (base 4) to base 10
17310
What is 11002222 (base 4) in base 11?
14573
What is 10405 (base 6) in base 14?
753
-136e (base 15) to base 5
-113104
Convert -11021210 (base 4) to base 6.
-241352
What is 12130 (base 4) in base 2?
110011100
3134 (base 6) to base 5
10311
6c00 (base 15) to base 8
54646
What is -323222 (base 4) in base 3?
-12020102
Convert -3506 (base 12) to base 10.
-5910
-2223 (base 5) to base 13
-1b1
1511 (base 6) to base 11
337
Convert b1e (base 15) to base 16.
9c8
What is 271 (base 12) in base 7?
1042
Convert -60324 (base 7) to base 12.
-8523
Convert 19604 (base 13) to base 3.
2111200212
Convert 111310230 (base 4) to base 8.
256454
-383a (base 11) to base 10
-5004
Convert -3143 (base 9) to base 13.
-1086
Convert 7a (base 15) to base 13.
8b
What is -5718 (base 10) in base 12?
-3386
What is c1b (base 15) in base 9?
3658
What is -226 (base 14) in base 6?
-1550
-10010 (base 7) to base 9
-3265
What is -55e (base 16) in base 4?
-111132
Convert -17cb (base 15) to base 12.
-2b85
Convert 18d (base 14) to base 13.
1b9
Convert 2567c (base 13) to base 10.
69224
Convert -1573 (base 13) to base 10.
-3136
2d5 (base 15) to base 4
22022
-1032201 (base 4) to base 3
-20220010
What is 64ba (base 14) in base 5?
1024122
Convert 31210 (base 10) to base 7.
156664
Convert -10102122 (base 3) to base 7.
-10202
-286 (base 14) to base 6
-2210
1000010011111010 (base 2) to base 13
12658
Convert -1351 (base 14) to base 11.
-2614
What is 210030 (base 4) in base 15?
a46
What is 7792 (base 15) in base 9?
37672
What is 211112 (base 5) in base 9?
10573
Convert -2965 (base 14) to base 8.
-16255
What is -231230 (base 4) in base 9?
-4008
Convert -5b81 (base 14) to base 9.
-23835
What is -6214 (base 12) in base 2?
-10100110110000
What is -5403 (base 8) in base 10?
-2819
Convert 2032114 (base 5) to base 8.
101201
Convert -1100010100110 (base 2) to base 13.
-2b45
Convert 17a (base 13) to base 3.
101000
1132122 (base 4) to base 5
143132
What is -2a00 (base 12) in base 14?
-1ada
-32523 (base 8) to base 9
-20647
1010010111011 (base 2) to base 3
21021120
-34031 (base 5) to base 2
-100101010111
What is -2420 (base 11) in base 9?
-4310
Convert 3030 (base 12) to base 8.
12144
130a3 (base 12) to base 5
1313133
Convert 20197 (base 10) to base 15.
5eb7
Convert -c43c (base 14) to base 2.
-1000001111100110
Convert -1389 (base 13) to base 3.
-10212100
Convert 36530 (base 8) to base 15.
49be
-1104 (base 5) to base 2
-10011010
Convert -32a3 (base 11) to base 5.
-114343
What is -10110100111 (base 2) in base 10?
-1447
20013 (base 6) to base 15
b86
-120284 (base 9) to base 3
-10200022211
-92d (base 15) to base 5
-31233
Convert 55aa (base 11) to base 15.
22c0
What is -2d3b (base 15) in base 11?
-7347
-34152 (base 9) to base 13
-a463
Convert 7678 (base 9) to base 13.
2765
What is 23a2 (base 16) in base 11?
6943
What is -34270 (base 10) in base 13?
-127a2
What is 1111010010 (base 2) in base 4?
33102
23002210 (base 4) to base 8
130244
What is -11404 (base 7) in base 6?
-21344
Convert 332001 (base 4) to base 12.
2369
Convert -42332 (base 5) to base 4.
-230122
What is 153433 (base 7) in base 16?
756d
What is 1991 (base 10) in base 7?
5543
Convert 649 (base 13) to base 12.
757
-10220 (base 4) to base 6
-1212
What is bad5 (base 14) in base 2?
111111001001011
3646 (base 8) to base 15
8a8
Convert 12051 (base 7) to base 9.
4250
Convert 820 (base 13) to base 12.
96a
Convert -1633 (base 7) to base 9.
-814
Convert -110344 (base 5) to base 2.
-111100001001
What is -227 (base 10) in base 11?
-197
1024 (base 14) to base 12
1734
904 (base 14) to base 10
1768
What is 2414 (base 6) in base 13?
361
Convert 1111111 (base 3) to base 10.
1093
What is -31530 (base 7) in base 9?
-11640
What is 638 (base 9) in base 14?
293
Convert 51877 (base 9) to base 6.
422324
What is -158 (base 11) in base 4?
-2320
Convert 15130 (base 8) to base 10.
6744
Convert 5431 (base 12) to base 10.
9253
24505 (base 9) to base 14
5dcc
-6640 (base 8) to base 11
-2691
What is -b5 (base 12) in base 8?
-211
Convert 9249 (base 10) to base 15.
2b19
-100100011111 (base 2) to base 11
-1833
What is 5ab6 (base 16) in base 5?
1220342
-224656 (base 7) to base 10
-40123
Convert -2642 (base 16) to base 5.
-303134
Convert -bf2 (base 16) to base 9.
-4167
1103002 (base 4) to base 9
7254
Convert -768a (base 13) to base 2.
-100000001111011
Convert 8a5 (base 14) to base 13.
a1a
33d8 (base 15) to base 12
644b
What is -472c (base 14) in base 9?
-17884
-10111010000 (base 2) to base 14
-784
What is 10112 (base 3) in base 5?
340
Convert -1bc6 (base 16) to base 8.
-15706
What is -11000010101001 (base 2) in base 7?
-51214
What is -3241 (base 6) in base 5?
-10440
What is 1010000 (base 2) in base 16?
50
1a33 (base 12) to bas